{"id":54,"date":"2019-08-16T10:52:19","date_gmt":"2019-08-16T08:52:19","guid":{"rendered":"http:\/\/www.ermisa.no\/?page_id=54"},"modified":"2019-08-16T10:52:19","modified_gmt":"2019-08-16T08:52:19","slug":"utstillinger","status":"publish","type":"page","link":"https:\/\/oveharderfinseth.no\/index.php\/utstillinger\/","title":{"rendered":"Utstillinger"},"content":{"rendered":"\n<b id=\"utstillinger\"><\/b>\n\n\n\n<h2 class=\"wp-block-heading\">Sommerutstilling 2023 &#8211; Tradisjonelle stoffer i moderne design<\/h2>\n\n\n\n<p>Ove Harder Finseth stiller ut p\u00e5 Sj\u00f8lingstad uldvarefabrikk i Mandal.<\/p>\n\n\n\n<p>20. juni\u201320. august alle dager kl. 11\u201317.<br>Omvisning i fabrikken kl. 11, 13 og 15. Ullverksted for barn kl. 14.<\/p>\n\n\n\n<p><a href=\"https:\/\/www.vestagdermuseet.no\/utstillingsapning-pa-sjolingstad-ove-harder-finseth-tradisjonelle-stoffer-i-moderne-design\/\">Vestagdermuseet<\/a><\/p>\n\n\n\n<p>I hele sommer viser vi utstilling med designer Ove Harder Finseth.<\/p>\n\n\n\n<p>Vi gleder oss til \u00e5 vise fram Ove Harder Finseth sine fantastiske plagg, sydd av stoffer produsert p\u00e5 gamle maskiner ved den levende museumsfabrikken Sj\u00f8lingstad Uldvarefabrik.<\/p>\n\n\n\n<p>Utstillinga vises hele sommeren, velkommen p\u00e5 bes\u00f8k!<\/p>\n\n\n\n<p><em>Sommerutstillinga, museumsbutikk og kafe p\u00e5 Sj\u00f8lingstad har gratis inngang.<\/em><\/p>\n\n\n\n<h2 class=\"wp-block-heading\">Tidligere utstillinger<\/h2>\n\n\n\n<p>2022: <a href=\"https:\/\/agatunet.no\/utstillingar\/\">Agatunet i Hardanger<\/a><\/p>\n\n\n\n<p>2021: <a href=\"https:\/\/galler-fjordheim.webnode.com\/\">Galleri Fjordheim &#8211; utstillingen Festskrud<\/a><\/p>\n\n\n\n<p>2020: <a href=\"https:\/\/www.buenkulturhus.no\/forestilling\/sommerutstilling-ove-harder-finseth\">Buen kulturhus sommerutstilling<\/a><\/p>\n\n\n\n<p>2018: <a href=\"https:\/\/www.facebook.com\/von-Echstedtska-G\u00e5rden-101194766598065\/\">von Echstedtska G\u00e5rden i S\u00e4ffle<\/a> &#8211; <a href=\"https:\/\/youtu.be\/Mami_-1btCA\">Presentasjon p\u00e5 YouTube<\/a><\/p>\n\n\n\n<p>2016: <a href=\"http:\/\/www.gwpa.no\/\" target=\"_blank\" rel=\"noopener noreferrer\">Oslo kulturnatt &#8211; Grev Wedels Plass Auksjoner<\/a><\/p>\n\n\n\n<p>2015: <a href=\"https:\/\/www.facebook.com\/events\/726888564097748\/\" target=\"_blank\" rel=\"noopener noreferrer\">Svevende hatter &#8211; Bogstad g\u00e5rd<\/a><\/p>\n\n\n\n<p>2015: <a href=\"http:\/\/www.kunsthandverkerne.no\/aktuelt\/ove-harder-finseth-maler-med-nal-og-trad\/\" target=\"_blank\" rel=\"noopener noreferrer\">Maler med n\u00e5l og tr\u00e5d &#8211; Kunsth\u00e5ndtverkerne<\/a><\/p>\n\n\n\n<p>2014: <a href=\"https:\/\/www.facebook.com\/pages\/Nordenfjeldske-Kunstindustrimuseum\/176869899002150\" target=\"_blank\" rel=\"noopener noreferrer\">Nordenfjeldske kunstindustrimuseum<\/a> (<a href=\"http:\/\/www.oveharderfinseth.no\/nordenfjeldske.pdf\" target=\"_blank\" rel=\"noopener noreferrer\">katalog<\/a>)<\/p>\n\n\n\n<p>2014: <a href=\"http:\/\/kunstbanken.no\/utstillinger_1\/_2014\/\" target=\"_blank\" rel=\"noopener noreferrer\">Kunstbanken &#8211; Hedmark Kunstsenter<\/a><\/p>\n\n\n\n<p>2013: <a href=\"http:\/\/www.vestfoldblad.no\/nor\/Samfunn\/Aktuelt\/Fra-Det-Kongelige-Hoff-til-Stavern\/(40543)\" target=\"_blank\" rel=\"noopener noreferrer\">Fra Det Kongelige Hoff til Stavern<\/a><\/p>\n\n\n\n<p>2012: <a href=\"http:\/\/www.varmlandsmuseum.se\/\" target=\"_blank\" rel=\"noopener noreferrer\">V\u00e4rmlands Museum<\/a> (<a href=\"http:\/\/www.oveharderfinseth.no\/von_echstedtska_katalog.pdf\" target=\"_blank\" rel=\"noopener noreferrer\">katalog<\/a>)<\/p>\n\n\n\n<p>2010: <a href=\"http:\/\/drammens.museum.no\/utstillinger\/ove-harder-finseth\" target=\"_blank\" rel=\"noopener noreferrer\">Drammens museum<\/a><\/p>\n\n\n\n<p>2006: <a href=\"http:\/\/kunstbanken.no\/utstillinger_1\/_2006\/_24_06_06_03_09_06\/\" target=\"_blank\" rel=\"noopener noreferrer\">Kunstbanken, Hamar Kunstsenter<\/a><\/p>\n\n\n\n<p>2006: <a href=\"http:\/\/www.norskform.no\/Kalender\/Utstillinger\/2006\/5-Crossing-Borders-\/\" target=\"_blank\" rel=\"noopener noreferrer\">Stockholm, 5 crossing borders<\/a><\/p>\n\n\n\n<p>2006: <a href=\"http:\/\/www.doga.no\/5-crossing-borders\" target=\"_blank\" rel=\"noopener noreferrer\">Oslo, 5 crossing borders<\/a><\/p>\n\n\n\n<p>2001: <a href=\"http:\/\/www.nrk.no\/nyheter\/distrikt\/sorlandet\/1.303075\" target=\"_blank\" rel=\"noopener noreferrer\">Utstilling p\u00e5 Ris\u00f8bank, Mandal<\/a><\/p>\n","protected":false},"excerpt":{"rendered":"<p>Sommerutstilling 2023 &#8211; Tradisjonelle stoffer i moderne design Ove Harder Finseth stiller ut p\u00e5 Sj\u00f8lingstad uldvarefabrikk i Mandal. 20. juni\u201320. august alle dager kl. 11\u201317.Omvisning i fabrikken kl. 11, 13 og 15. Ullverksted for barn kl. 14. Vestagdermuseet I hele sommer viser vi utstilling med designer Ove Harder Finseth. Vi gleder oss til \u00e5 vise &hellip; <\/p>\n<p class=\"link-more\"><a href=\"https:\/\/oveharderfinseth.no\/index.php\/utstillinger\/\" class=\"more-link\">Fortsett \u00e5 lese<span class=\"screen-reader-text\"> \u00abUtstillinger\u00bb<\/span><\/a><\/p>\n","protected":false},"author":1,"featured_media":82,"parent":0,"menu_order":0,"comment_status":"closed","ping_status":"closed","template":"","meta":{"footnotes":""},"class_list":["post-54","page","type-page","status-publish","has-post-thumbnail","hentry"],"yoast_head":"<!-- This site is optimized with the Yoast SEO plugin v21.8 - https:\/\/yoast.com\/wordpress\/plugins\/seo\/ -->\n<title>Utstillinger - Ove Harder Finseth<\/title>\n<meta name=\"robots\" content=\"index, follow, max-snippet:-1, max-image-preview:large, max-video-preview:-1\" \/>\n<link rel=\"canonical\" href=\"https:\/\/oveharderfinseth.no\/index.php\/utstillinger\/\" \/>\n<meta property=\"og:locale\" content=\"nb_NO\" \/>\n<meta property=\"og:type\" content=\"article\" \/>\n<meta property=\"og:title\" content=\"Utstillinger - Ove Harder Finseth\" \/>\n<meta property=\"og:description\" content=\"Sommerutstilling 2023 &#8211; Tradisjonelle stoffer i moderne design Ove Harder Finseth stiller ut p\u00e5 Sj\u00f8lingstad uldvarefabrikk i Mandal. 20. juni\u201320. august alle dager kl. 11\u201317.Omvisning i fabrikken kl. 11, 13 og 15. Ullverksted for barn kl. 14. Vestagdermuseet I hele sommer viser vi utstilling med designer Ove Harder Finseth. Vi gleder oss til \u00e5 vise &hellip; Fortsett \u00e5 lese \u00abUtstillinger\u00bb\" \/>\n<meta property=\"og:url\" content=\"https:\/\/oveharderfinseth.no\/index.php\/utstillinger\/\" \/>\n<meta property=\"og:site_name\" content=\"Ove Harder Finseth\" \/>\n<meta name=\"twitter:card\" content=\"summary_large_image\" \/>\n<meta name=\"twitter:label1\" content=\"Ansl. lesetid\" \/>\n\t<meta name=\"twitter:data1\" content=\"1 minutt\" \/>\n<script type=\"application\/ld+json\" class=\"yoast-schema-graph\">{\"@context\":\"https:\/\/schema.org\",\"@graph\":[{\"@type\":\"WebPage\",\"@id\":\"https:\/\/oveharderfinseth.no\/index.php\/utstillinger\/\",\"url\":\"https:\/\/oveharderfinseth.no\/index.php\/utstillinger\/\",\"name\":\"Utstillinger - Ove Harder Finseth\",\"isPartOf\":{\"@id\":\"https:\/\/oveharderfinseth.no\/#website\"},\"datePublished\":\"2019-08-16T08:52:19+00:00\",\"dateModified\":\"2019-08-16T08:52:19+00:00\",\"breadcrumb\":{\"@id\":\"https:\/\/oveharderfinseth.no\/index.php\/utstillinger\/#breadcrumb\"},\"inLanguage\":\"nb-NO\",\"potentialAction\":[{\"@type\":\"ReadAction\",\"target\":[\"https:\/\/oveharderfinseth.no\/index.php\/utstillinger\/\"]}]},{\"@type\":\"BreadcrumbList\",\"@id\":\"https:\/\/oveharderfinseth.no\/index.php\/utstillinger\/#breadcrumb\",\"itemListElement\":[{\"@type\":\"ListItem\",\"position\":1,\"name\":\"Hjem\",\"item\":\"https:\/\/oveharderfinseth.no\/\"},{\"@type\":\"ListItem\",\"position\":2,\"name\":\"Utstillinger\"}]},{\"@type\":\"WebSite\",\"@id\":\"https:\/\/oveharderfinseth.no\/#website\",\"url\":\"https:\/\/oveharderfinseth.no\/\",\"name\":\"Ove Harder Finseth\",\"description\":\"Designer\",\"publisher\":{\"@id\":\"https:\/\/oveharderfinseth.no\/#organization\"},\"potentialAction\":[{\"@type\":\"SearchAction\",\"target\":{\"@type\":\"EntryPoint\",\"urlTemplate\":\"https:\/\/oveharderfinseth.no\/?s={search_term_string}\"},\"query-input\":\"required name=search_term_string\"}],\"inLanguage\":\"nb-NO\"},{\"@type\":\"Organization\",\"@id\":\"https:\/\/oveharderfinseth.no\/#organization\",\"name\":\"Ove Harder Finseth\",\"url\":\"https:\/\/oveharderfinseth.no\/\",\"logo\":{\"@type\":\"ImageObject\",\"inLanguage\":\"nb-NO\",\"@id\":\"https:\/\/oveharderfinseth.no\/#\/schema\/logo\/image\/\",\"url\":\"https:\/\/oveharderfinseth.no\/wp-content\/uploads\/2023\/09\/cropped-cropped-logo.png\",\"contentUrl\":\"https:\/\/oveharderfinseth.no\/wp-content\/uploads\/2023\/09\/cropped-cropped-logo.png\",\"width\":1265,\"height\":250,\"caption\":\"Ove Harder Finseth\"},\"image\":{\"@id\":\"https:\/\/oveharderfinseth.no\/#\/schema\/logo\/image\/\"}}]}<\/script>\n<!-- \/ Yoast SEO plugin. -->","yoast_head_json":{"title":"Utstillinger - Ove Harder Finseth","robots":{"index":"index","follow":"follow","max-snippet":"max-snippet:-1","max-image-preview":"max-image-preview:large","max-video-preview":"max-video-preview:-1"},"canonical":"https:\/\/oveharderfinseth.no\/index.php\/utstillinger\/","og_locale":"nb_NO","og_type":"article","og_title":"Utstillinger - Ove Harder Finseth","og_description":"Sommerutstilling 2023 &#8211; Tradisjonelle stoffer i moderne design Ove Harder Finseth stiller ut p\u00e5 Sj\u00f8lingstad uldvarefabrikk i Mandal. 20. juni\u201320. august alle dager kl. 11\u201317.Omvisning i fabrikken kl. 11, 13 og 15. Ullverksted for barn kl. 14. Vestagdermuseet I hele sommer viser vi utstilling med designer Ove Harder Finseth. Vi gleder oss til \u00e5 vise &hellip; Fortsett \u00e5 lese \u00abUtstillinger\u00bb","og_url":"https:\/\/oveharderfinseth.no\/index.php\/utstillinger\/","og_site_name":"Ove Harder Finseth","twitter_card":"summary_large_image","twitter_misc":{"Ansl. lesetid":"1 minutt"},"schema":{"@context":"https:\/\/schema.org","@graph":[{"@type":"WebPage","@id":"https:\/\/oveharderfinseth.no\/index.php\/utstillinger\/","url":"https:\/\/oveharderfinseth.no\/index.php\/utstillinger\/","name":"Utstillinger - Ove Harder Finseth","isPartOf":{"@id":"https:\/\/oveharderfinseth.no\/#website"},"datePublished":"2019-08-16T08:52:19+00:00","dateModified":"2019-08-16T08:52:19+00:00","breadcrumb":{"@id":"https:\/\/oveharderfinseth.no\/index.php\/utstillinger\/#breadcrumb"},"inLanguage":"nb-NO","potentialAction":[{"@type":"ReadAction","target":["https:\/\/oveharderfinseth.no\/index.php\/utstillinger\/"]}]},{"@type":"BreadcrumbList","@id":"https:\/\/oveharderfinseth.no\/index.php\/utstillinger\/#breadcrumb","itemListElement":[{"@type":"ListItem","position":1,"name":"Hjem","item":"https:\/\/oveharderfinseth.no\/"},{"@type":"ListItem","position":2,"name":"Utstillinger"}]},{"@type":"WebSite","@id":"https:\/\/oveharderfinseth.no\/#website","url":"https:\/\/oveharderfinseth.no\/","name":"Ove Harder Finseth","description":"Designer","publisher":{"@id":"https:\/\/oveharderfinseth.no\/#organization"},"potentialAction":[{"@type":"SearchAction","target":{"@type":"EntryPoint","urlTemplate":"https:\/\/oveharderfinseth.no\/?s={search_term_string}"},"query-input":"required name=search_term_string"}],"inLanguage":"nb-NO"},{"@type":"Organization","@id":"https:\/\/oveharderfinseth.no\/#organization","name":"Ove Harder Finseth","url":"https:\/\/oveharderfinseth.no\/","logo":{"@type":"ImageObject","inLanguage":"nb-NO","@id":"https:\/\/oveharderfinseth.no\/#\/schema\/logo\/image\/","url":"https:\/\/oveharderfinseth.no\/wp-content\/uploads\/2023\/09\/cropped-cropped-logo.png","contentUrl":"https:\/\/oveharderfinseth.no\/wp-content\/uploads\/2023\/09\/cropped-cropped-logo.png","width":1265,"height":250,"caption":"Ove Harder Finseth"},"image":{"@id":"https:\/\/oveharderfinseth.no\/#\/schema\/logo\/image\/"}}]}},"_links":{"self":[{"href":"https:\/\/oveharderfinseth.no\/index.php\/wp-json\/wp\/v2\/pages\/54","targetHints":{"allow":["GET"]}}],"collection":[{"href":"https:\/\/oveharderfinseth.no\/index.php\/wp-json\/wp\/v2\/pages"}],"about":[{"href":"https:\/\/oveharderfinseth.no\/index.php\/wp-json\/wp\/v2\/types\/page"}],"author":[{"embeddable":true,"href":"https:\/\/oveharderfinseth.no\/index.php\/wp-json\/wp\/v2\/users\/1"}],"replies":[{"embeddable":true,"href":"https:\/\/oveharderfinseth.no\/index.php\/wp-json\/wp\/v2\/comments?post=54"}],"version-history":[{"count":0,"href":"https:\/\/oveharderfinseth.no\/index.php\/wp-json\/wp\/v2\/pages\/54\/revisions"}],"wp:featuredmedia":[{"embeddable":true,"href":"https:\/\/oveharderfinseth.no\/index.php\/wp-json\/wp\/v2\/media\/82"}],"wp:attachment":[{"href":"https:\/\/oveharderfinseth.no\/index.php\/wp-json\/wp\/v2\/media?parent=54"}],"curies":[{"name":"wp","href":"https:\/\/api.w.org\/{rel}","templated":true}]}}

<b id="utstillinger"></b>



<h2 class="wp-block-heading">Sommerutstilling 2023 &#8211; Tradisjonelle stoffer i moderne design</h2>



<p>Ove Harder Finseth stiller ut på Sjølingstad uldvarefabrikk i Mandal.</p>



<p>20. juni–20. august alle dager kl. 11–17.<br>Omvisning i fabrikken kl. 11, 13 og 15. Ullverksted for barn kl. 14.</p>



<p><a href="https://www.vestagdermuseet.no/utstillingsapning-pa-sjolingstad-ove-harder-finseth-tradisjonelle-stoffer-i-moderne-design/">Vestagdermuseet</a></p>



<p>I hele sommer viser vi utstilling med designer Ove Harder Finseth.</p>



<p>Vi gleder oss til å vise fram Ove Harder Finseth sine fantastiske plagg, sydd av stoffer produsert på gamle maskiner ved den levende museumsfabrikken Sjølingstad Uldvarefabrik.</p>



<p>Utstillinga vises hele sommeren, velkommen på besøk!</p>



<p><em>Sommerutstillinga, museumsbutikk og kafe på Sjølingstad har gratis inngang.</em></p>



<h2 class="wp-block-heading">Tidligere utstillinger</h2>



<p>2022: <a href="https://agatunet.no/utstillingar/">Agatunet i Hardanger</a></p>



<p>2021: <a href="https://galler-fjordheim.webnode.com/">Galleri Fjordheim &#8211; utstillingen Festskrud</a></p>



<p>2020: <a href="https://www.buenkulturhus.no/forestilling/sommerutstilling-ove-harder-finseth">Buen kulturhus sommerutstilling</a></p>



<p>2018: <a href="https://www.facebook.com/von-Echstedtska-Gården-101194766598065/">von Echstedtska Gården i Säffle</a> &#8211; <a href="https://youtu.be/Mami_-1btCA">Presentasjon på YouTube</a></p>



<p>2016: <a href="http://www.gwpa.no/" target="_blank" rel="noopener noreferrer">Oslo kulturnatt &#8211; Grev Wedels Plass Auksjoner</a></p>



<p>2015: <a href="https://www.facebook.com/events/726888564097748/" target="_blank" rel="noopener noreferrer">Svevende hatter &#8211; Bogstad gård</a></p>



<p>2015: <a href="http://www.kunsthandverkerne.no/aktuelt/ove-harder-finseth-maler-med-nal-og-trad/" target="_blank" rel="noopener noreferrer">Maler med nål og tråd &#8211; Kunsthåndtverkerne</a></p>



<p>2014: <a href="https://www.facebook.com/pages/Nordenfjeldske-Kunstindustrimuseum/176869899002150" target="_blank" rel="noopener noreferrer">Nordenfjeldske kunstindustrimuseum</a> (<a href="http://www.oveharderfinseth.no/nordenfjeldske.pdf" target="_blank" rel="noopener noreferrer">katalog</a>)</p>



<p>2014: <a href="http://kunstbanken.no/utstillinger_1/_2014/" target="_blank" rel="noopener noreferrer">Kunstbanken &#8211; Hedmark Kunstsenter</a></p>



<p>2013: <a href="http://www.vestfoldblad.no/nor/Samfunn/Aktuelt/Fra-Det-Kongelige-Hoff-til-Stavern/(40543)" target="_blank" rel="noopener noreferrer">Fra Det Kongelige Hoff til Stavern</a></p>



<p>2012: <a href="http://www.varmlandsmuseum.se/" target="_blank" rel="noopener noreferrer">Värmlands Museum</a> (<a href="http://www.oveharderfinseth.no/von_echstedtska_katalog.pdf" target="_blank" rel="noopener noreferrer">katalog</a>)</p>



<p>2010: <a href="http://drammens.museum.no/utstillinger/ove-harder-finseth" target="_blank" rel="noopener noreferrer">Drammens museum</a></p>



<p>2006: <a href="http://kunstbanken.no/utstillinger_1/_2006/_24_06_06_03_09_06/" target="_blank" rel="noopener noreferrer">Kunstbanken, Hamar Kunstsenter</a></p>



<p>2006: <a href="http://www.norskform.no/Kalender/Utstillinger/2006/5-Crossing-Borders-/" target="_blank" rel="noopener noreferrer">Stockholm, 5 crossing borders</a></p>



<p>2006: <a href="http://www.doga.no/5-crossing-borders" target="_blank" rel="noopener noreferrer">Oslo, 5 crossing borders</a></p>



<p>2001: <a href="http://www.nrk.no/nyheter/distrikt/sorlandet/1.303075" target="_blank" rel="noopener noreferrer">Utstilling på Risøbank, Mandal</a></p>

<p>Sommerutstilling 2023 &#8211; Tradisjonelle stoffer i moderne design Ove Harder Finseth stiller ut på Sjølingstad uldvarefabrikk i Mandal. 20. juni–20. august alle dager kl. 11–17.Omvisning i fabrikken kl. 11, 13 og 15. Ullverksted for barn kl. 14. Vestagdermuseet I hele sommer viser vi utstilling med designer Ove Harder Finseth. Vi gleder oss til å vise &hellip; </p>
<p class="link-more"><a href="https://oveharderfinseth.no/index.php/utstillinger/" class="more-link">Fortsett å lese<span class="screen-reader-text"> «Utstillinger»</span></a></p>

<!-- This site is optimized with the Yoast SEO plugin v21.8 - https://yoast.com/wordpress/plugins/seo/ -->
<title>Utstillinger - Ove Harder Finseth</title>
<meta name="robots" content="index, follow, max-snippet:-1, max-image-preview:large, max-video-preview:-1" />
<link rel="canonical" href="https://oveharderfinseth.no/index.php/utstillinger/" />
<meta property="og:locale" content="nb_NO" />
<meta property="og:type" content="article" />
<meta property="og:title" content="Utstillinger - Ove Harder Finseth" />
<meta property="og:description" content="Sommerutstilling 2023 &#8211; Tradisjonelle stoffer i moderne design Ove Harder Finseth stiller ut på Sjølingstad uldvarefabrikk i Mandal. 20. juni–20. august alle dager kl. 11–17.Omvisning i fabrikken kl. 11, 13 og 15. Ullverksted for barn kl. 14. Vestagdermuseet I hele sommer viser vi utstilling med designer Ove Harder Finseth. Vi gleder oss til å vise &hellip; Fortsett å lese «Utstillinger»" />
<meta property="og:url" content="https://oveharderfinseth.no/index.php/utstillinger/" />
<meta property="og:site_name" content="Ove Harder Finseth" />
<meta name="twitter:card" content="summary_large_image" />
<meta name="twitter:label1" content="Ansl. lesetid" />
	<meta name="twitter:data1" content="1 minutt" />
<script type="application/ld+json" class="yoast-schema-graph">{"@context":"https://schema.org","@graph":[{"@type":"WebPage","@id":"https://oveharderfinseth.no/index.php/utstillinger/","url":"https://oveharderfinseth.no/index.php/utstillinger/","name":"Utstillinger - Ove Harder Finseth","isPartOf":{"@id":"https://oveharderfinseth.no/#website"},"datePublished":"2019-08-16T08:52:19+00:00","dateModified":"2019-08-16T08:52:19+00:00","breadcrumb":{"@id":"https://oveharderfinseth.no/index.php/utstillinger/#breadcrumb"},"inLanguage":"nb-NO","potentialAction":[{"@type":"ReadAction","target":["https://oveharderfinseth.no/index.php/utstillinger/"]}]},{"@type":"BreadcrumbList","@id":"https://oveharderfinseth.no/index.php/utstillinger/#breadcrumb","itemListElement":[{"@type":"ListItem","position":1,"name":"Hjem","item":"https://oveharderfinseth.no/"},{"@type":"ListItem","position":2,"name":"Utstillinger"}]},{"@type":"WebSite","@id":"https://oveharderfinseth.no/#website","url":"https://oveharderfinseth.no/","name":"Ove Harder Finseth","description":"Designer","publisher":{"@id":"https://oveharderfinseth.no/#organization"},"potentialAction":[{"@type":"SearchAction","target":{"@type":"EntryPoint","urlTemplate":"https://oveharderfinseth.no/?s={search_term_string}"},"query-input":"required name=search_term_string"}],"inLanguage":"nb-NO"},{"@type":"Organization","@id":"https://oveharderfinseth.no/#organization","name":"Ove Harder Finseth","url":"https://oveharderfinseth.no/","logo":{"@type":"ImageObject","inLanguage":"nb-NO","@id":"https://oveharderfinseth.no/#/schema/logo/image/","url":"https://oveharderfinseth.no/wp-content/uploads/2023/09/cropped-cropped-logo.png","contentUrl":"https://oveharderfinseth.no/wp-content/uploads/2023/09/cropped-cropped-logo.png","width":1265,"height":250,"caption":"Ove Harder Finseth"},"image":{"@id":"https://oveharderfinseth.no/#/schema/logo/image/"}}]}</script>
<!-- / Yoast SEO plugin. -->

Sommerutstilling 2023 &#8211; Tradisjonelle stoffer i moderne design Ove Harder Finseth stiller ut på Sjølingstad uldvarefabrikk i Mandal. 20. juni–20. august alle dager kl. 11–17.Omvisning i fabrikken kl. 11, 13 og 15. Ullverksted for barn kl. 14. Vestagdermuseet I hele sommer viser vi utstilling med designer Ove Harder Finseth. Vi gleder oss til å vise &hellip; Fortsett å lese «Utstillinger»
